3 a composite number?
True
Is 84779 prime?
False
Is 243073 a composite number?
False
Is 7343 prime?
False
Is 1309999 composite?
False
Is 10747 composite?
True
Is 761113 a composite number?
False
Is 55466 prime?
False
Is 68207 prime?
True
Is 888727 prime?
False
Is 58885 a prime number?
False
Is 3035 a composite number?
True
Is 256441 a prime number?
True
Is 49145 composite?
True
Is 81181 a composite number?
False
Is 451897 a prime number?
True
Is 2609 composite?
False
Is 20593 a composite number?
False
Is 37931 prime?
False
Is 1797661 a prime number?
False
Is 485161 prime?
True
Is 1527 a composite number?
True
Is 172787 composite?
False
Is 134965 prime?
False
Is 383051 a prime number?
True
Is 15479 a prime number?
False
Is 33729 a composite number?
True
Is 19369 a composite number?
True
Is 16441 a composite number?
True
Is 289717 prime?
True
Is 899113 composite?
True
Is 236897 composite?
False
Is 853607 composite?
True
Is 55429 composite?
True
Is 5227 a composite number?
False
Is 150533 a composite number?
False
Is 2317 prime?
False
Is 227287 a prime number?
False
Is 12439 prime?
False
Is 429995 composite?
True
Is 877 prime?
True
Is 34031 a composite number?
False
Is 3341 prime?
False
Is 1047577 composite?
True
Is 94 composite?
True
Is 1901 a composite number?
False
Is 69415 prime?
False
Is 213223 a prime number?
True
Is 12739 composite?
False
Is 1472333 a composite number?
False
Is 97103 a composite number?
False
Is 166739 composite?
False
Is 30399 composite?
True
Is 5381 a composite number?
False
Is 176153 composite?
False
Is 5700973 a composite number?
False
Is 8743 prime?
False
Is 9637 composite?
True
Is 4742 a composite number?
True
Is 93037 composite?
True
Is 12839 a prime number?
False
Is 4327 a prime number?
True
Is 459421 prime?
True
Is 4249 composite?
True
Is 4861 a prime number?
True
Is 1649 a prime number?
False
Is 113417 composite?
False
Is 7798783 a composite number?
False
Is 14503 prime?
True
Is 44011 a prime number?
False
Is 29917 a prime number?
True
Is 186551 a prime number?
True
Is 883057 composite?
True
Is 705847 prime?
False
Is 42611 a prime number?
True
Is 17939 a prime number?
True
Is 57637 a prime number?
True
Is 11821 a prime number?
True
Is 21341 composite?
False
Is 223957 prime?
False
Is 99317 prime?
True
Is 2935 prime?
False
Is 48967 a prime number?
False
Is 360865 prime?
False
Is 15479 prime?
False
Is 1139 composite?
True
Is 6801 composite?
True
Is 43117 composite?
False
Is 89779 prime?
True
Is 21677 a prime number?
False
Is 149 prime?
True
Is 672171 composite?
True
Is 130303 prime?
True
Is 185 prime?
False
Is 114889 composite?
False
Is 81547 a prime number?
True
Is 15217 prime?
True
Is 17362 composite?
True
Is 155897 composite?
True
Is 1051277 a prime number?
True
Is 217 composite?
True
Is 69521 composite?
True
Is 198851 a prime number?
True
Is 7069 composite?
False
Is 31547 prime?
True
Is 3989 a composite number?
False
Is 215 a composite number?
True
Is 657743 composite?
False
Is 90227 a prime number?
True
Is 20413 composite?
True
Is 1139 composite?
True
Is 47327 a composite number?
True
Is 8491 a composite number?
True
Is 229897 prime?
True
Is 213 a prime number?
False
Is 2513 composite?
True
Is 5342 prime?
False
Is 133639 a prime number?
False
Is 13963 a composite number?
False
Is 418259 prime?
True
Is 11677 a composite number?
False
Is 21661 a prime number?
True
Is 454673 prime?
True
Is 44449 a prime number?
True
Is 631037 prime?
False
Is 31207 prime?
False
Is 49277 composite?
False
Is 35513 composite?
True
Is 8467 a composite number?
False
Is 7131 a prime number?
False
Is 38219 prime?
True
Is 33559 a composite number?
True
Is 194777 a composite number?
True
Is 40087 a prime number?
True
Is 18637 a composite number?
False
Is 18839 composite?
False
Is 172307 a composite number?
False
Is 469717 composite?
False
Is 361895 prime?
False
Is 11989 a composite number?
True
Is 53338 composite?
True
Is 24287 a composite number?
True
Is 1009 a prime number?
True
Is 222059 a composite number?
False
Is 9521 a composite number?
False
Is 14815 a composite number?
True
Is 11057 a composite number?
False
Is 43853 a prime number?
True
Is 145651 a prime number?
False
Is 1217443 a composite number?
False
Is 532241 composite?
False
Is 10193 prime?
True
Is 16729 composite?
False
Is 89591 a prime number?
True
Is 6521 prime?
True
Is 389645 prime?
False
Is 15397 prime?
False
Is 17833 composite?
True
Is 280367 a composite number?
True
Is 138982 prime?
False
Is 489713 a prime number?
False
Is 510449 composite?
False
Is 19937 a composite number?
False
Is 1665429 composite?
True
Is 10839 a composite number?
True
Is 3433 a prime number?
True
Is 15659 prime?
False
Is 120331 a prime number?
True
Is 839 a prime number?
True
Is 2277113 a prime number?
True
Is 89801 a composite number?
True
Is 7555 composite?
True
Is 134807 prime?
True
Is 3065 a prime number?
False
Is 175363 a prime number?
False
Is 5447 a prime number?
False
Is 794119 prime?
True
Is 82837 prime?
True
Is 899065 a composite number?
True
Is 127529 composite?
False
Is 558491 prime?
True
Is 7981 a composite number?
True
Is 7626521 a prime number?
False
Is 12242 prime?
False
Is 16421 composite?
False
Is 646517 a prime number?
False
Is 311741 a prime number?
False
Is 179779 a prime number?
True
Is 89429 prime?
False
Is 370373 a composite number?
False
Is 67565 composite?
True
Is 4909 a composite number?
False
Is 3487 prime?
False
Is 51862 a composite number?
True
Is 107771 prime?
False
Is 91493 composite?
False
Is 138763 a composite number?
False
Is 20337 a prime number?
False
Is 31751 a prime number?
True
Is 4327 prime?
True
Is 761279 composite?
True
Is 635747 a prime number?
False
Is 335507 prime?
True
Is 70622 a prime number?
False
Is 122651 composite?
False
Is 2633 a composite number?
False
Is 76247 a composite number?
True
Is 8803 a composite number?
False
Is 2108035 a composite number?
True
Is 3695 a composite number?
True
Is 740969 a prime number?
True
Is 419693 a prime number?
True
Is 1291 a composite number?
False
Is 39499 composite?
False
Is 351913 a prime number?
True
Is 76667 prime?
True
Is 98233 prime?
False
Is 49559 a prime number?
True
Is 163067 a composite number?
True
Is 124789 a prime number?
False
Is 183151 composite?
False
Is 109819 composite?
False
Is 35057 composite?
True
Is 41443 prime?
True
Is 18131 composite?
False
Is 408823 a prime number?
False
Is 28757 a composite number?
True
Is 207229 a prime number?
False
Is 322037 prime?
True
Is 4547 a composite number?
False
Is 36787 prime?
True
Is 7541 a composite number?
False
Is 54163 a prime number?
True
Is 20741 prime?
False
Is 6881 prime?
False
Is 8639 composite?
True
Is 472315 a prime number?
False
Is 577517 composite?
False
Is 32171 prime?
False
Is 46 a composite number?
True
Is 123787 composite?
False
Is 85411 a composite number?
False
Is 467663 prime?
False
Is 18353 composite?
False
Is 61121 prime?
True
Is 3791 composite?
True
Is 1954 composite?
True
Is 2330539 composite?
False
Is 647417 prime?
True
Is 6689 prime?
True
Is 114265 composite?
True
Is 235 composite?
True
Is 1062417 prime?
False
Is 14107 a composite number?
False
Is 2366969 prime?
False
Is 1956509 composite?
True
Is 174107 a prime number?
False
Is 11207 composite?
True
Is 12603 a composite number?
True
Is 7261 a composite number?
True
Is 138019 prime?
False
Is 235747 composite?
False
Is 790693 composite?
False
Is 15479 prime?
False
Is 97 a composite number?
False
Is 311173 a composite number?
False
Is 70051 composite?
False
Is 19373 composite?
False
Is 506567 a prime number?
False
Is 1411 a prime number?
False
Is 877 composite?
False
Is 1334603 a composite number?
False
Is 1239715 a prime number?
False
Is 953299 prime?
False
Is 241993 composite?
False
Is 127231 a prime number?
False
Is 3457 a composite number?
False
Is 473311 a composite number?
False
Is 6109 prime?
False
Is 14353 a composite number?
True
Is 2933 prime?
False
Is 272477 prime?
True
Is 6483 prime?
False
Is 373253 a prime number?
False
Is 20311 a composite number?
True
Is 13567 a composite number?
False
Is 2809797 composite?
True
Is 175313 prime?
False
Is 11015 composite?
True
Is 12577 a prime number?
True
Is 7493 prime?
False
Is 34439 a prime number?
True
Is 15863 composite?
Tr